{"id":20,"date":"2023-02-16T06:04:48","date_gmt":"2023-02-16T06:04:48","guid":{"rendered":"https:\/\/estructurarbienesraices.com\/?page_id=20"},"modified":"2023-03-20T21:11:54","modified_gmt":"2023-03-20T21:11:54","slug":"proyectos","status":"publish","type":"page","link":"https:\/\/estructurarbienesraices.com\/index.php\/proyectos\/","title":{"rendered":"Proyectos"},"content":{"rendered":"<p>[et_pb_section fb_built=&#8221;1&#8243; _builder_version=&#8221;4.19.5&#8243; _module_preset=&#8221;default&#8221; global_colors_info=&#8221;{}&#8221;][et_pb_row _builder_version=&#8221;4.19.5&#8243; _module_preset=&#8221;default&#8221; global_colors_info=&#8221;{}&#8221;][et_pb_column type=&#8221;4_4&#8243; _builder_version=&#8221;4.19.5&#8243; _module_preset=&#8221;default&#8221; background_image=&#8221;http:\/\/estructurarbienesraices.com\/wp-content\/uploads\/2023\/02\/WhatsApp-Image-2023-01-14-at-4.58.30-PM.jpeg&#8221; background_video_mp4=&#8221;https:\/\/www.youtube.com\/watch?v=mH-cKpO_FwU&#8221; background_enable_video_webm=&#8221;off&#8221; background_last_edited=&#8221;off|desktop&#8221; global_colors_info=&#8221;{}&#8221;][et_pb_slider _builder_version=&#8221;4.19.5&#8243; _module_preset=&#8221;default&#8221; hover_enabled=&#8221;0&#8243; global_colors_info=&#8221;{}&#8221; sticky_enabled=&#8221;0&#8243;][et_pb_slide heading=&#8221;PARCELACI\u00d3N CERROS DEL PAC\u00cdFICO&#8221; button_text=&#8221;HAGA CLICK AQUI&#8221; _builder_version=&#8221;4.19.5&#8243; _module_preset=&#8221;default&#8221; background_image=&#8221;http:\/\/estructurarbienesraices.com\/wp-content\/uploads\/2023\/02\/WhatsApp-Image-2022-11-26-at-8.23.29-AM.jpeg&#8221; background_enable_image=&#8221;on&#8221; hover_enabled=&#8221;0&#8243; global_colors_info=&#8221;{}&#8221; sticky_transition=&#8221;on&#8221; header_level=&#8221;h1&#8243; header_font_size=&#8221;65px&#8221; sticky_enabled=&#8221;0&#8243; button_link=&#8221;https:\/\/estructurarbienesraices.com\/index.php\/cerros-del-pacifico\/&#8221;]<\/p>\n<p><span style=\"vertical-align: inherit;\">Los sue\u00f1os se cumplen y esta es una maravillosa oportunidad para que haga realidad su meta de tener un lote, cerca a v\u00edas principales, equidistante de Manizales, Chinchin\u00e1, Pereira, Cartago.<\/span><\/p>\n<p>[\/et_pb_slide][et_pb_slide heading=&#8221;LOTES EN PARCELACI\u00d3N LOS GUADUALES -VIA A NEIRA&#8221; button_text=&#8221;HAGA CLICK AQUI&#8221; video_url=&#8221;https:\/\/www.youtube.com\/watch?v=mH-cKpO_FwU&#8221; _builder_version=&#8221;4.19.5&#8243; _module_preset=&#8221;default&#8221; background_image=&#8221;http:\/\/estructurarbienesraices.com\/wp-content\/uploads\/2023\/02\/WhatsApp-Image-2023-01-14-at-4.58.30-PM.jpeg&#8221; background_enable_image=&#8221;on&#8221; global_colors_info=&#8221;{}&#8221; sticky_transition=&#8221;on&#8221;]<\/p>\n<p>Hermosos lotes, en una parcelaci\u00f3n ubicada sobre la v\u00eda Manizales-Neira.<\/p>\n<p>[\/et_pb_slide][\/et_pb_slider][\/et_pb_column][\/et_pb_row][\/et_pb_section]<\/p>\n","protected":false},"excerpt":{"rendered":"<p>Los sue\u00f1os se cumplen y esta es una maravillosa oportunidad para que haga realidad su meta de tener un lote, cerca a v\u00edas principales, equidistante de Manizales, Chinchin\u00e1, Pereira, Cartago.Hermosos lotes, en una parcelaci\u00f3n ubicada sobre la v\u00eda Manizales-Neira.<\/p>\n","protected":false},"author":1,"featured_media":0,"parent":0,"menu_order":0,"comment_status":"closed","ping_status":"closed","template":"","meta":{"_et_pb_use_builder":"on","_et_pb_old_content":"","_et_gb_content_width":"","om_disable_all_campaigns":false,"_monsterinsights_skip_tracking":false,"_monsterinsights_sitenote_active":false,"_monsterinsights_sitenote_note":"","_monsterinsights_sitenote_category":0,"_joinchat":[],"footnotes":""},"class_list":["post-20","page","type-page","status-publish","hentry"],"aioseo_notices":[],"_links":{"self":[{"href":"https:\/\/estructurarbienesraices.com\/index.php\/wp-json\/wp\/v2\/pages\/20","targetHints":{"allow":["GET"]}}],"collection":[{"href":"https:\/\/estructurarbienesraices.com\/index.php\/wp-json\/wp\/v2\/pages"}],"about":[{"href":"https:\/\/estructurarbienesraices.com\/index.php\/wp-json\/wp\/v2\/types\/page"}],"author":[{"embeddable":true,"href":"https:\/\/estructurarbienesraices.com\/index.php\/wp-json\/wp\/v2\/users\/1"}],"replies":[{"embeddable":true,"href":"https:\/\/estructurarbienesraices.com\/index.php\/wp-json\/wp\/v2\/comments?post=20"}],"version-history":[{"count":6,"href":"https:\/\/estructurarbienesraices.com\/index.php\/wp-json\/wp\/v2\/pages\/20\/revisions"}],"predecessor-version":[{"id":909,"href":"https:\/\/estructurarbienesraices.com\/index.php\/wp-json\/wp\/v2\/pages\/20\/revisions\/909"}],"wp:attachment":[{"href":"https:\/\/estructurarbienesraices.com\/index.php\/wp-json\/wp\/v2\/media?parent=20"}],"curies":[{"name":"wp","href":"https:\/\/api.w.org\/{rel}","templated":true}]}}